s 1469 a multiple of 7?
False
Does 14 divide 11589?
False
Is 48731 a multiple of 114?
False
Does 2 divide 165?
False
Is 2070 a multiple of 90?
True
Is 109 a factor of 26705?
True
Is 3085 a multiple of 77?
False
Is 3015 a multiple of 4?
False
Is 354 a multiple of 48?
False
Is 1007 a multiple of 144?
False
Does 10 divide 22580?
True
Is 20882 a multiple of 44?
False
Is 61 a multiple of 17?
False
Is 23100 a multiple of 110?
True
Is 872 a multiple of 23?
False
Is 13 a factor of 22478?
False
Does 4 divide 990?
False
Does 19 divide 6403?
True
Does 78 divide 3268?
False
Does 27 divide 20385?
True
Is 8 a factor of 712?
True
Is 3 a factor of 1168?
False
Is 25 a factor of 10961?
False
Is 6687 a multiple of 20?
False
Does 40 divide 880?
True
Is 62 a factor of 146?
False
Is 21 a factor of 16128?
True
Is 35 a factor of 2086?
False
Is 271 a multiple of 17?
False
Is 4687 a multiple of 43?
True
Is 16 a factor of 2032?
True
Does 39 divide 6006?
True
Is 2087 a multiple of 15?
False
Is 77 a factor of 7161?
True
Is 14517 a multiple of 20?
False
Is 66 a factor of 2244?
True
Is 748 a multiple of 83?
False
Is 267 even?
False
Is 5826 a multiple of 6?
True
Is 3 a factor of 771?
True
Is 3687 a multiple of 6?
False
Is 2 a factor of 39?
False
Is 288 a multiple of 12?
True
Does 7 divide 238?
True
Is 3 a factor of 10261?
False
Is 15 a factor of 241?
False
Is 35 a factor of 39445?
True
Is 2 a factor of 175?
False
Is 26148 a multiple of 88?
False
Does 200 divide 37800?
True
Is 92155 a multiple of 45?
False
Is 150 a factor of 15300?
True
Does 265 divide 40823?
False
Does 26 divide 468?
True
Is 1652 a multiple of 87?
False
Is 576 a multiple of 14?
False
Is 56 a factor of 15259?
False
Is 2 a factor of 537?
False
Is 27727 a multiple of 233?
True
Is 22 a factor of 2745?
False
Does 8 divide 1343?
False
Does 18 divide 1082?
False
Is 1859 a multiple of 13?
True
Is 31416 a multiple of 222?
False
Does 5 divide 81?
False
Does 22 divide 41409?
False
Is 15 a factor of 5895?
True
Is 13423 a multiple of 152?
False
Is 160 a factor of 12776?
False
Does 21 divide 442?
False
Is 3070 a multiple of 10?
True
Does 16 divide 3872?
True
Does 77 divide 10934?
True
Is 3885 a multiple of 7?
True
Is 2339 a multiple of 24?
False
Does 7 divide 6647?
False
Does 27 divide 1331?
False
Does 2 divide 201?
False
Is 1027 a multiple of 21?
False
Does 25 divide 475?
True
Is 22299 a multiple of 3?
True
Does 72 divide 589?
False
Is 4610 a multiple of 10?
True
Does 41 divide 1288?
False
Is 13436 a multiple of 136?
False
Does 56 divide 1485?
False
Does 8 divide 1024?
True
Does 22 divide 1431?
False
Is 651 a multiple of 7?
True
Is 3406 a multiple of 134?
False
Is 5448 a multiple of 24?
True
Is 23 a factor of 1219?
True
Does 5 divide 630?
True
Is 25179 a multiple of 21?
True
Does 5 divide 3232?
False
Is 1352 a multiple of 40?
False
Is 86 a factor of 37241?
False
Is 10002 a multiple of 153?
False
Does 38 divide 643?
False
Is 88 a factor of 2024?
True
Is 52 a factor of 57714?
False
Does 27 divide 1778?
False
Is 32 a factor of 29671?
False
Does 10 divide 1873?
False
Does 218 divide 19187?
False
Is 133 a factor of 4100?
False
Is 46885 a multiple of 17?
False
Does 28 divide 983?
False
Is 66 a factor of 9346?
False
Is 3908 a multiple of 118?
False
Is 16 a factor of 42004?
False
Does 28 divide 437?
False
Is 1583 a multiple of 69?
False
Is 45 a factor of 40775?
False
Is 98 a factor of 368?
False
Is 94 a factor of 10228?
False
Is 78998 a multiple of 10?
False
Does 83 divide 4233?
True
Does 27 divide 1890?
True
Does 87 divide 2088?
True
Is 8476 a multiple of 35?
False
Does 26 divide 763?
False
Does 21 divide 315?
True
Does 16 divide 1732?
False
Is 75 a factor of 16800?
True
Is 50 a factor of 2902?
False
Is 1837 a multiple of 4?
False
Is 23 a factor of 1656?
True
Does 28 divide 2156?
True
Does 99 divide 1809?
False
Does 25 divide 650?
True
Does 3 divide 5499?
True
Is 5 a factor of 271?
False
Is 12214 a multiple of 130?
False
Does 52 divide 154?
False
Is 195 a multiple of 2?
False
Does 249 divide 22161?
True
Is 590 a multiple of 28?
False
Is 25423 a multiple of 7?
False
Is 50 a factor of 1556?
False
Is 2 a factor of 1925?
False
Does 32 divide 5824?
True
Is 44180 a multiple of 307?
False
Does 29 divide 5017?
True
Does 78 divide 16828?
False
Is 23210 a multiple of 55?
True
Does 5 divide 30?
True
Is 2175 a multiple of 29?
True
Is 2028 a multiple of 17?
False
Does 18 divide 4613?
False
Is 4524 a multiple of 5?
False
Is 63 a factor of 1687?
False
Does 11 divide 8873?
False
Does 26 divide 60429?
False
Is 58710 a multiple of 206?
True
Is 2 a factor of 979?
False
Is 1177 a multiple of 11?
True
Does 28 divide 2070?
False
Is 9 a factor of 8629?
False
Is 43700 a multiple of 92?
True
Is 68222 a multiple of 60?
False
Is 33774 a multiple of 26?
True
Is 21 a factor of 336?
True
Is 139 a factor of 20850?
True
Is 18 a factor of 2301?
False
Is 16485 a multiple of 167?
False
Does 123 divide 9717?
True
Is 16 a factor of 1421?
False
Is 2619 a multiple of 27?
True
Does 34 divide 132849?
False
Is 3 a factor of 87?
True
Is 7905 a multiple of 3?
True
Does 38 divide 456?
True
Is 16 a factor of 97104?
True
Is 82 a factor of 12920?
False
Is 6529 a multiple of 2?
False
Does 7 divide 5225?
False
Is 7326 a multiple of 22?
True
Is 205 a factor of 14145?
True
Is 26 a factor of 306?
False
Does 21 divide 3780?
True
Does 26 divide 423?
False
Does 25 divide 3700?
True
Is 4212 a multiple of 26?
True
Does 25 divide 2154?
False
Does 131 divide 31706?
False
Is 5 a factor of 4715?
True
Does 18 divide 108?
True
Does 15 divide 461?
False
Does 2 divide 6778?
True
Is 64 a factor of 9728?
True
Does 30 divide 2758?
False
Does 2 divide 104?
True
Is 311 a multiple of 17?
False
Is 12 a factor of 25476?
True
Is 1081 a multiple of 47?
True
Is 44 a factor of 1496?
True
Is 17 a factor of 1955?
True
Is 17853 a multiple of 11?
True
Is 2 a factor of 732?
True
Is 9 a factor of 12645?
True
Does 251 divide 6850?
False
Is 80 a factor of 1600?
True
Is 2396 a multiple of 5?
False
Is 8 a factor of 3911?
False
Does 125 divide 11063?
False
Does 10 divide 2190?
True
Does 10 divide 1000?
True
Is 112 a factor of 4256?
True
Is 47 a factor of 46275?
False
Is 62 a factor of 27714?
True
Is 8 a factor of 24?
True
Does 15 divide 44620?
False
Is 32 a factor of 22864?
False
Is 17287 a multiple of 4?
False
Is 279 a multiple of 25?
False
Is 13832 a multiple of 16?
False
Is 14 a factor of 1041?
False
Does 6 divide 49550?
False
Is 6977 a multiple of 24?
False
Does 53 divide 78228?
True
Is 14287 a multiple of 17?
False
Is 141 a factor of 681?
False
Is 3339 a multiple of 63?
True
Is 19112 a multiple of 17?
False
Does 4 divide 514?
False
Is 2 a factor of 1057?
False
Is 58 a factor of 428?
False
Is 434 a multiple of 62?
True
Is 10983 a multiple of 48?
False
Is 42784 a multiple of 32?
True
Is 44 a factor of 11044?
True
Does 8 divide 24664?
True
Is 628 a multiple of 88?
False
Is 5 a factor of 67?
False
Is 726 a multiple of 56?
False
Does 38 divide 950?
True
Does 20 divide 893?
False
Is 4 a factor of 276?
True
Is 192 a multiple of 16?
True
Is 13 a factor of 3809?
True
Is 115 a factor of 460?
True
Does 50 divide 4132?
False
Is 4 a factor of 10992?
True
Is 12 a factor of 1852?
False
Does 4 divide 2671?
False
Is 22 a factor of 45562?
True
Is 8 a factor of 61928?
True
Does 39 divide 77337?
True
Does 70 divide 8960?
True
Is 133 a factor of 39368?
True
Is 11255 a multiple of 19?
False
Is 806 a multiple of 13?
True
Is 1089 a multiple of 59?
False
Is 2256 a multiple of 12?
True
Is 582 a multiple of 6?
True
Is 390 a multiple of 30?
True
Is 1301 a multiple of 40?
False
Is 48 a factor of 20794?
False
Is 1176 a multiple of 12?
True
Is 7 a factor of 604?
False
Is 23542 a multiple of 8?
False
Is 14 a factor of 575?
False
Is 31 a factor of 961?
True
Does 22 divide 11240?
False
Is 86044 a multiple of 14?
True
Is 44 a factor of 14916?
True
Is 10 a factor of 3530?
True
Does 46 divide 3979?
False
Is 234 a multiple of 9?
True
Is 96 a factor of 3840?
True
Does 35 divide 2508?
False
Does 6 divide 265?
False
Does 12 divide 5379?
False
Is 38 a factor of 3002?
True
Is 1311 a multiple of 3?
True
Is 24 a factor of 2016?
True
Is 117 a factor of 54543?
False
Is 744 a multiple of 70?
False
Does 8 divide 38744?
True
Does 11 divide 429?
True
Is 4